st the prime factors of 1262636259.
3, 420878753
List the prime factors of 197653302.
2, 3, 7, 11, 142607
What are the prime factors of 150900695?
5, 11, 229, 11981
What are the prime factors of 234046566?
2, 3, 13, 1000199
What are the prime factors of 1406405805?
3, 5, 7, 409, 32749
What are the prime factors of 401876807?
401876807
List the prime factors of 114497605.
5, 43, 532547
List the prime factors of 2932253860.
2, 5, 47, 1499, 2081
List the prime factors of 2220271857.
3, 23, 3575317
List the prime factors of 476613341.
211, 2258831
List the prime factors of 418216709.
418216709
What are the prime factors of 2261655210?
2, 3, 5, 75388507
What are the prime factors of 6792279?
3, 13, 13397
List the prime factors of 517250356.
2, 7, 83, 131, 1699
What are the prime factors of 2253750302?
2, 71, 523, 30347
List the prime factors of 280451955.
3, 5, 7, 1423, 1877
List the prime factors of 87493299.
3, 3307, 8819
What are the prime factors of 9594238?
2, 151, 31769
List the prime factors of 121662094.
2, 109, 558083
What are the prime factors of 3093047703?
3, 343671967
What are the prime factors of 48956041?
48956041
List the prime factors of 398095121.
227, 997, 1759
List the prime factors of 71482909.
17, 1579, 2663
List the prime factors of 50636539.
19, 2665081
List the prime factors of 245671980.
2, 3, 5, 4094533
List the prime factors of 73948339.
1847, 40037
List the prime factors of 1284317.
1284317
What are the prime factors of 24113125?
5, 41, 941
What are the prime factors of 90573217?
7, 73, 25321
List the prime factors of 2082348902.
2, 1041174451
What are the prime factors of 525006225?
3, 5, 777787
List the prime factors of 586582754.
2, 23, 151, 84449
What are the prime factors of 441442177?
11, 61, 139, 4733
What are the prime factors of 4606930056?
2, 3, 233, 823843
What are the prime factors of 49776551?
11, 1283, 3527
List the prime factors of 395272739.
37, 288731
What are the prime factors of 2666950664?
2, 7, 29, 1642211
What are the prime factors of 4572066435?
3, 5, 277, 1100377
What are the prime factors of 810756788?
2, 202689197
List the prime factors of 823690647.
3, 13, 17, 138041
What are the prime factors of 1095919744?
2, 29, 295237
List the prime factors of 1397221037.
569, 619, 3967
What are the prime factors of 24323183?
24323183
List the prime factors of 2875610419.
11, 261419129
What are the prime factors of 201407156?
2, 50351789
List the prime factors of 1124187923.
181, 6210983
What are the prime factors of 33508843?
83, 403721
What are the prime factors of 46797343?
3823, 12241
List the prime factors of 52869049.
41, 263, 4903
What are the prime factors of 96682505?
5, 19336501
What are the prime factors of 180900110?
2, 5, 157, 115223
List the prime factors of 91920501.
3, 1134821
What are the prime factors of 41730618?
2, 3, 653, 10651
What are the prime factors of 184492682?
2, 11, 53, 158227
List the prime factors of 16462057.
107, 137, 1123
List the prime factors of 46264667.
17, 2721451
What are the prime factors of 9373284?
2, 3, 31, 37, 227
What are the prime factors of 353872348?
2, 157, 163, 3457
List the prime factors of 147611091.
3, 49203697
What are the prime factors of 486917955?
3, 5, 10820399
What are the prime factors of 133213646?
2, 29, 2296787
What are the prime factors of 22301107?
3457, 6451
List the prime factors of 2032196062.
2, 13, 78161387
What are the prime factors of 71665795?
5, 17, 843127
What are the prime factors of 33652384?
2, 17, 61861
What are the prime factors of 188341406?
2, 11, 487, 17579
What are the prime factors of 142046391?
3, 47348797
List the prime factors of 1383195535.
5, 19, 14559953
List the prime factors of 1952537204.
2, 19, 71, 233, 1553
List the prime factors of 455398580.
2, 5, 7, 13, 59, 4241
What are the prime factors of 35240363?
35240363
List the prime factors of 313694861.
23, 13638907
List the prime factors of 939397264.
2, 13, 43, 105031
List the prime factors of 161524417.
161524417
List the prime factors of 928485174.
2, 3, 154747529
List the prime factors of 1288179.
3, 41, 3491
What are the prime factors of 4471859245?
5, 7, 3221, 39667
List the prime factors of 289796523.
3, 113, 229, 3733
List the prime factors of 8403419.
8403419
What are the prime factors of 153073132?
2, 38268283
What are the prime factors of 7134514994?
2, 109, 139, 235447
What are the prime factors of 38674126?
2, 71, 272353
List the prime factors of 71249900.
2, 5, 712499
List the prime factors of 90502629.
3, 7, 37, 269, 433
What are the prime factors of 572040513?
3, 11, 163, 35449
List the prime factors of 27479974.
2, 37, 73, 5087
What are the prime factors of 2751788872?
2, 7, 5273, 9319
What are the prime factors of 175960379?
7, 131, 311, 617
List the prime factors of 190095900.
2, 3, 5, 633653
What are the prime factors of 159740118?
2, 3, 1447, 6133
List the prime factors of 249484620.
2, 3, 5, 7, 11, 54001
What are the prime factors of 205162082?
2, 102581041
What are the prime factors of 258368863?
258368863
What are the prime factors of 850700063?
263, 3234601
List the prime factors of 661914312.
2, 3, 17, 37, 163, 269
What are the prime factors of 82792863?
3, 9199207
List the prime factors of 221384841.
3, 3049, 24203
List the prime factors of 658732536.
2, 3, 7, 11, 118819
What are the prime factors of 30925864?
2, 3865733
List the prime factors of 1385280698.
2, 167, 4147547
What are the prime factors of 324399333?
3, 108133111
What are the prime factors of 606056796?
2, 3, 5611637
List the prime factors of 46394830.
2, 5, 4639483
List the prime factors of 3101898838.
2, 1550949419
What are the prime factors of 137055505?
5, 23, 157, 7591
What are the prime factors of 5636838670?
2, 5, 41, 3359, 4093
What are the prime factors of 26801886?
2, 3, 4466981
List the prime factors of 43500822.
2, 3, 67, 108211
What are the prime factors of 557731946?
2, 83, 293, 11467
List the prime factors of 38069673.
3, 19, 61, 10949
List the prime factors of 33119608.
2, 4139951
List the prime factors of 190866285.
3, 5, 89, 47657
What are the prime factors of 1473589073?
11, 47, 1423, 2003
What are the prime factors of 367827301?
503, 731267
List the prime factors of 215687490.
2, 3, 5, 809, 8887
List the prime factors of 58724221.
23, 2553227
What are the prime factors of 2206678455?
3, 5, 17, 2884547
What are the prime factors of 50610369?
3, 16870123
List the prime factors of 1978783737.
3, 7, 94227797
List the prime factors of 15094991.
15094991
What are the prime factors of 7766755?
5, 23, 67537
List the prime factors of 2832633688.
2, 354079211
List the prime factors of 25231605.
3, 5, 7, 41, 5861
List the prime factors of 105965690.
2, 5, 10596569
What are the prime factors of 36473748?
2, 3, 151, 20129
List the prime factors of 215464389.
3, 7, 19, 41, 13171
List the prime factors of 3318713527.
19, 174669133
List the prime factors of 436019751.
3, 48446639
What are the prime factors of 606376015?
5, 7, 17325029
List the prime factors of 31897730.
2, 5, 83, 38431
What are the prime factors of 2528802591?
3, 7, 120419171
What are the prime factors of 2034071342?
2, 19031, 53441
List the prime factors of 455115650.
2, 5, 11, 31, 26693
What are the prime factors of 231306122?
2, 115653061
List the prime factors of 3344507.
3344507
What are the prime factors of 47805754?
2, 41, 167, 3491
What are the prime factors of 2898521819?
47, 1697, 36341
List the prime factors of 210939238.
2, 105469619
List the prime factors of 52175361.
3, 7, 877, 2833
What are the prime factors of 2800042774?
2, 35969, 38923
List the prime factors of 143376864.
2, 3, 89, 97, 173
What are the prime factors of 201043323?
3, 13, 419, 1367
What are the prime factors of 5463805?
5, 71, 15391
What are the prime factors of 177702111?
3, 29, 163, 4177
List the prime factors of 45956214.
2, 3, 851041
List the prime factors of 46467934.
2, 137, 169591
What are the prime factors of 31276725?
3, 5, 417023
List the prime factors of 3663775706.
2, 17, 337, 319757
List the prime factors of 173679121.
7, 11, 2255573
List the prime factors of 3176465111.
97, 181, 239, 757
What are the prime factors of 3230052006?
2, 3, 31, 17365871
What are the prime factors of 54336053?
29, 1873657
Wh